e 7.
-321563
Convert 13415342 (base 8) to base 9.
5614684
What is -1157385 (base 9) in base 16?
-997ee
Convert -22122020010 (base 3) to base 8.
-514046
Convert -477158 (base 12) to base 6.
-40412552
Convert -1130142310 (base 5) to base 9.
-4767620
101100101200 (base 3) to base 14
54327
-2124236 (base 8) to base 3
-1001211101211
Convert 3211423034 (base 5) to base 14.
c79531
What is 125765a (base 12) in base 9?
6686677
Convert a9c332 (base 14) to base 5.
2433220134
Convert 11415501 (base 6) to base 16.
57f3d
114422214 (base 5) to base 15
ab88e
Convert 2405053 (base 6) to base 14.
33a65
Convert -24021474 (base 8) to base 16.
-50233c
-1c1c846 (base 14) to base 6
-1221135530
Convert -285a37 (base 13) to base 3.
-1211222111212
-34377 (base 8) to base 14
-5463
What is -4371237 (base 9) in base 15?
-31635d
What is -10000111001000000 (base 2) in base 14?
-1b2da
3efaa3 (base 16) to base 10
4127395
What is -212010210 (base 3) in base 10?
-16869
What is 100000000100101010 (base 2) in base 13?
47a45
What is 894b (base 15) in base 11?
1a951
What is 262413 (base 10) in base 12?
107a39
What is -1a1c5 (base 13) in base 11?
-35238
Convert 1c9c7 (base 14) to base 12.
364ab
22183 (base 16) to base 6
2554311
Convert 12104320 (base 5) to base 3.
12202010100
201110222 (base 3) to base 2
11011101111001
-131321301133 (base 4) to base 10
-7838815
What is -226118 (base 10) in base 8?
-671506
What is 94355 (base 11) in base 5?
13400031
What is 43699 (base 15) in base 13?
765c9
Convert 25302 (base 13) to base 14.
1b012
What is -6624313 (base 8) in base 2?
-110110010100011001011
221102011011 (base 3) to base 5
112001311
-227355 (base 8) to base 10
-77549
What is 840aa8 (base 14) in base 7?
52616101
-c1a4 (base 15) to base 10
-40879
-401216 (base 16) to base 9
-7808762
Convert -137d1c (base 14) to base 15.
-d4e54
-75760 (base 8) to base 13
-11598
-589728 (base 14) to base 12
-10191b4
-31133104 (base 7) to base 4
-21332001322
Convert -31323010123 (base 4) to base 15.
-4c1664
Convert -47442 (base 10) to base 14.
-1340a
100000110011111111110001 (base 2) to base 11
4945553
What is -17cbbb (base 13) in base 9?
-1113438
-42231343 (base 5) to base 7
-2664345
What is -5d627 (base 16) in base 8?
-1353047
-3012935 (base 11) to base 15
-7052ad
-17686a (base 13) to base 9
-1082555
What is 515a51 (base 11) in base 4?
3022012221
Convert 2c587 (base 16) to base 5.
21303024
What is -99812b (base 13) in base 7?
-42511432
Convert -2010132332 (base 4) to base 14.
-101a90
-13011302 (base 4) to base 7
-150446
Convert 21340347 (base 8) to base 3.
22121020201220
Convert 37082331 (base 9) to base 10.
18123211
1033212323 (base 4) to base 7
2525441
Convert -15273827 (base 9) to base 3.
-112022110220221
Convert -772008 (base 9) to base 8.
-1603700
What is 536396 (base 10) in base 5?
114131041
Convert 872c0 (base 14) to base 9.
547620
-1a5a533 (base 12) to base 10
-5596023
What is 2022232301 (base 4) in base 14?
10b129
-325422142 (base 6) to base 9
-12030808
-1344223 (base 7) to base 9
-302677
133346 (base 9) to base 5
10044304
What is -11120300102 (base 4) in base 13?
-3a5992
What is -1c2416 (base 14) in base 12?
-4057b0
11222223 (base 4) to base 16
5aab
What is -775b4b (base 13) in base 5?
-1204440020
Convert -133552541 (base 6) to base 7.
-31665301
Convert 11263517 (base 8) to base 15.
336489
What is 302de (base 15) in base 2?
100101001111010110
27378b3 (base 12) to base 16
76db47
What is 2733008 (base 10) in base 9?
5124875
202211330122 (base 4) to base 16
8a5f1a
What is -204c94 (base 13) in base 9?
-1367567
3ee46 (base 16) to base 5
31220411
What is -7724a5 (base 14) in base 12?
-142a029
Convert -101000010011011110011101 (base 2) to base 11.
-5a67050
Convert -710127 (base 12) to base 15.
-24c45a
-98c9e0 (base 15) to base 14
-d77b8a
What is 6276165 (base 8) in base 15?
22ed5b
What is -43c00a (base 15) in base 10?
-3229885
b85a7 (base 12) to base 9
410011
What is 7792849 (base 11) in base 2?
110100000111110111111000
What is -163220344 (base 7) in base 2?
-101010010101011000000001
Convert 301211131 (base 4) to base 16.
3195d
What is 33053233 (base 6) in base 15?
14769c
15aa2 (base 16) to base 15
1b45d
What is -303042204 (base 5) in base 2?
-100101010001110110010
What is 4965a53 (base 12) in base 10?
14317983
What is -112330152 (base 6) in base 14?
-3c2100
-46084 (base 14) to base 7
-1306224
113331132220 (base 4) to base 12
212aab4
What is -5362251 (base 7) in base 6?
-22003140
-3126a3 (base 12) to base 3
-1110012112120
What is 3d191 (base 14) in base 8?
447313
-93338 (base 11) to base 16
-213e6
What is -4330133 (base 7) in base 4?
-2000332211
Convert 1111011101010111001 (base 2) to base 4.
1323222321
Convert 29b47 (base 13) to base 11.
54239
Convert -13302130102 (base 4) to base 11.
-1174997
26c09 (base 14) to base 12
47435
What is 491571 (base 13) in base 3?
10021200011210
What is 10101001110111000011001 (base 2) in base 6?
315144225
99757 (base 12) to base 4
301213303
What is -1076162 (base 8) in base 6?
-10145042
What is -6104373 (base 8) in base 7?
-16444563
-401440131 (base 5) to base 15
-2170b1
What is -342ce (base 15) in base 12?
-800ab
-3200215 (base 6) to base 2
-100101111111010011
20363524 (base 8) to base 14
806004
What is 4c39d (base 15) in base 6?
5120451
What is -10010101110111011 (base 2) in base 16?
-12bbb
Convert -1010330332 (base 4) to base 8.
-1047476
Convert -c2a12 (base 13) to base 15.
-6d556
-202033 (base 5) to base 14
-2538
Convert 20201010110020 (base 3) to base 8.
15463124
What is -675224 (base 8) in base 13?
-7ca07
Convert 3644618 (base 9) to base 5.
1001301110
What is -104110534 (base 6) in base 2?
-111001001111000111010
Convert 368a108 (base 11) to base 14.
bcc804
4401023 (base 6) to base 8
651547
What is -6472302 (base 9) in base 8?
-15176130
Convert 4056301 (base 8) to base 5.
233303241
21052314 (base 6) to base 14
11d858
What is 1b962 (base 15) in base 16?
15f0b
Convert -53225055 (base 6) to base 3.
-2221012102022
What is -26961 (base 10) in base 9?
-40876
-33102210102 (base 4) to base 5
-2011230320
What is -165819 (base 11) in base 6?
-5255404
Convert -10011000001100110100110 (base 2) to base 9.
-10341256
-48677c (base 16) to base 14
-8b7388
-8a942 (base 11) to base 8
-400765
What is 888223 (base 11) in base 7?
15016411
106302 (base 11) to base 3
22121101011
Convert 9a0496 (base 12) to base 16.
2558b2
-424814 (base 10) to base 12
-185a12
What is 60687 (base 15) in base 14?
7d33d
What is -1325362 (base 9) in base 8?
-2611226
Convert -313776 (base 8) to base 12.
-5053a
What is 21346002 (base 9) in base 7?
153410105
-241da (base 14) to base 2
-10101100010000100
6732b4 (base 12) to base 13
457246
7a5aa (base 12) to base 5
20211112
What is -1153518 (base 9) in base 14?
-124156
What is 2cb45 (base 14) in base 15?
232a2
What is -200660 (base 7) in base 4?
-20102132
What is -45420045 (base 6) in base 8?
-5224375
Convert 2001120000222 (base 3) to base 4.
10022332112
Convert aa32f (base 16) to base 4.
2222030233
eadb (base 16) to base 7
340200
1403645 (base 9) to base 7
6355631
Convert 10132230 (base 6) to base 13.
a2c6c
-164342 (base 11) to base 14
-68b1c
Convert 65161 (base 16) to base 7.
3343066
137bb73 (base 13) to base 4
113201203033
What is -1121880 (base 9) in base 10?
-605061
What is -33010102022 (base 4) in base 5?
-2002342311
What is -751418 (base 10) in base 4?
-2313130322
14454404 (base 7) to base 4
11033223200
-1301c (base 14) to base 15
-dc69
What is 41272 (base 12) in base 3?
11022122212
Convert 20120200021012 (base 3) to base 2.
1101010101110011110111
Convert -6261605 (base 7) to base 15.
-ed88b
What is 2336301 (base 8) in base 5?
130410040
What is -19b43 (base 13) in base 2?
-1100010001001000
-21212112211011 (base 3) to base 7
-50363041
Convert 22000122000 (base 3) to base 16.
268e3
Convert 8b3c9b (base 15) to base 9.
13447012
What is -4f63f (base 16) in base 15?
-6653d
Convert -53b67 (base 12) to base 9.
-177547
-4a900 (base 11) to base 2
-10001110100000011
Convert -42062 (base 7) to base 4.
-2201132
4307767 (base 8) to base 14
21d63d
Convert 1020604 (base 7) to base 2.
11101111101111101
Convert 121132130 (base 4) to base 15.
20db8
What is -11001010111111010110 (base 2) in base 9?
-1506468
Convert -10001011011101101 (base 2) to base 8.
-213355
What is -5